{"id":12,"date":"2026-04-15T06:54:33","date_gmt":"2026-04-15T06:54:33","guid":{"rendered":"https:\/\/www.istal-energies.fr\/?page_id=12"},"modified":"2026-04-15T08:18:10","modified_gmt":"2026-04-15T08:18:10","slug":"home","status":"publish","type":"page","link":"https:\/\/www.istal-energies.fr\/","title":{"rendered":"Des solutions adapt\u00e9es"},"content":{"rendered":"\n<div class=\"wp-block-cover alignfull\" style=\"margin-bottom:var(--wp--preset--spacing--60);padding-bottom:0;min-height:500px;aspect-ratio:unset;\"><span aria-hidden=\"true\" class=\"wp-block-cover__background has-ast-global-color-0-background-color has-background-dim-90 has-background-dim\"><\/span><div class=\"wp-block-cover__inner-container is-layout-flow wp-block-cover-is-layout-flow\">\n<h1 class=\"wp-block-heading has-white-color has-text-color has-link-color wp-elements-cfbf00366f3c7162a0731efd0cde049d\">Ing\u00e9nierie \u00e9lectrique<\/h1>\n\n\n\n<p class=\"has-white-color has-text-color has-link-color wp-elements-9009dc1f9f4e933f046a83d9b0818839\">Du conseil \u00e0 la r\u00e9alisation cl\u00e9s en main, de l\u2019assistance \u00e0 la maintenance, l\u2019expertise de ses ing\u00e9nieurs, Istal Energies est \u00e0 l\u2019\u00e9coute de ses clients pour la r\u00e9alisation de travaux et la maintenance dans les domaines de la&nbsp;<strong>suret\u00e9<\/strong>, dans les activit\u00e9s de&nbsp;<strong>r\u00e9gulation des b\u00e2timents<\/strong>,&nbsp;<strong>GTC<\/strong>,&nbsp;<strong>GTB<\/strong>&nbsp;ainsi que dans les divers&nbsp;<strong>courants faibles<\/strong>&nbsp;et&nbsp;<strong>courants forts<\/strong>.<\/p>\n<\/div><\/div>\n\n\n\n<h2 class=\"wp-block-heading has-text-align-center has-ast-global-color-0-color has-text-color has-link-color wp-elements-054c6d46633bb75b92e75383c2b2db51\" id=\"solution\">Des solutions adapt\u00e9es<\/h2>\n\n\n\n<p class=\"has-text-align-center\">La soci\u00e9t\u00e9 ISTAL Energies est en pleine expansion depuis sa cr\u00e9ation en 2012. Forte de son expertise dans le domaine des Courants Faibles et Forts, elle met en \u0153uvre toutes ses comp\u00e9tences et son exp\u00e9rience au service de ses clients.<\/p>\n\n\n\n<div class=\"wp-block-columns is-layout-flex wp-container-core-columns-is-layout-eaf79ca0 wp-block-columns-is-layout-flex\" style=\"margin-bottom:var(--wp--preset--spacing--60);padding-top:var(--wp--preset--spacing--30);padding-bottom:var(--wp--preset--spacing--30)\">\n<div class=\"wp-block-column is-vertically-aligned-stretch is-layout-flow wp-container-core-column-is-layout-6b73ce23 wp-block-column-is-layout-flow\" style=\"border-style:none;border-width:0px;box-shadow:var(--wp--preset--shadow--natural)\">\n<h3 class=\"wp-block-heading has-text-align-center has-ast-global-color-0-color has-text-color has-link-color wp-elements-66192b6e2589f2b09f39fbebd841388c\" style=\"margin-top:16px\">S\u00fbret\u00e9<\/h3>\n\n\n\n<p class=\"has-text-align-left\">Vid\u00e9osurveillance urbaine, Intrusion, S\u00fbret\u00e9 des b\u00e2timents tertiaires, industriels&#8230;<\/p>\n<\/div>\n\n\n\n<div class=\"wp-block-column is-vertically-aligned-stretch is-layout-flow wp-container-core-column-is-layout-6b73ce23 wp-block-column-is-layout-flow\" style=\"border-style:none;border-width:0px;box-shadow:var(--wp--preset--shadow--natural)\">\n<h3 class=\"wp-block-heading has-text-align-center has-ast-global-color-0-color has-text-color has-link-color wp-elements-4c4dccf2aab56302333c6345e5aa09b1\" style=\"margin-top:16px\">R\u00e9gulation &amp; automatisme<\/h3>\n\n\n\n<p class=\"has-text-align-left\">Gestion technique centralis\u00e9e et supervision, syst\u00e8mes automatis\u00e9s, R\u00e9gulation CVC&#8230;<\/p>\n<\/div>\n\n\n\n<div class=\"wp-block-column is-vertically-aligned-stretch is-layout-flow wp-container-core-column-is-layout-6b73ce23 wp-block-column-is-layout-flow\" style=\"border-style:none;border-width:0px;box-shadow:var(--wp--preset--shadow--natural)\">\n<h3 class=\"wp-block-heading has-text-align-center has-ast-global-color-0-color has-text-color has-link-color wp-elements-b126bad786e762613b6938abc2283591\" style=\"margin-top:16px\">Courants forts et Faibles<\/h3>\n\n\n\n<p class=\"has-text-align-left\">C\u00e2blage courants forts, \u00c9clairage architectural, Transformateurs, Groupes \u00e9lectrog\u00e8nes, Onduleurs, R\u00e9seau VDI et R\u00e9seau informatique&#8230;<\/p>\n<\/div>\n<\/div>\n\n\n\n<div class=\"wp-block-group alignfull has-ast-global-color-5-background-color has-background is-layout-constrained wp-container-core-group-is-layout-c1cae9a6 wp-block-group-is-layout-constrained\" id=\"about\" style=\"padding-top:13px;padding-bottom:144px\">\n<div class=\"wp-block-media-text is-stacked-on-mobile has-white-color has-ast-global-color-0-background-color has-text-color has-background has-link-color wp-elements-66cb82f8c22ac9ea636df5ca9c6e2b38\" style=\"margin-top:0;margin-bottom:0;padding-top:0;padding-bottom:0\"><figure class=\"wp-block-media-text__media\"><img loading=\"lazy\" decoding=\"async\" width=\"682\" height=\"1024\" src=\"https:\/\/www.istal-energies.fr\/wp-content\/uploads\/2026\/04\/istal-energies-team.jpg\" alt=\"\" class=\"wp-image-38 size-full\" srcset=\"https:\/\/www.istal-energies.fr\/wp-content\/uploads\/2026\/04\/istal-energies-team.jpg 682w, https:\/\/www.istal-energies.fr\/wp-content\/uploads\/2026\/04\/istal-energies-team-200x300.jpg 200w\" sizes=\"auto, (max-width: 682px) 100vw, 682px\" \/><\/figure><div class=\"wp-block-media-text__content\">\n<h2 class=\"wp-block-heading has-ast-global-color-6-color has-text-color has-link-color wp-elements-b80e854632d9087b13e285955d16b52a\">Qui sommes nous ?<\/h2>\n\n\n\n<p>Avec plus de 10 ans d\u2019exp\u00e9riences dans les domaines de l\u2019\u00e9lectricit\u00e9, Istal Energies montre sa volont\u00e9 de devenir un partenaire \u00e0 long terme de ceux qui lui accordent leur confiance\u2026<\/p>\n<\/div><\/div>\n<\/div>\n\n\n\n<div class=\"wp-block-group alignfull has-ast-global-color-5-background-color has-background is-layout-constrained wp-container-core-group-is-layout-c1cae9a6 wp-block-group-is-layout-constrained\" id=\"about\" style=\"padding-top:13px;padding-bottom:144px\">\n<div class=\"wp-block-media-text has-media-on-the-right is-stacked-on-mobile is-vertically-aligned-top is-image-fill-element\" style=\"margin-top:0;margin-bottom:0;padding-top:0;padding-bottom:0\"><div class=\"wp-block-media-text__content\">\n<h2 class=\"wp-block-heading has-text-align-center has-white-color has-ast-global-color-0-background-color has-text-color has-background has-link-color wp-elements-965f74f97cb9dd5221af0e771ce11859\">S\u00fbret\u00e9<\/h2>\n\n\n\n<p>S\u00fbret\u00e9 des b\u00e2timents tertiaires, industriels, sites militaires et nucl\u00e9aires, sites de transports maritimes et ferroviaires.<\/p>\n\n\n\n<p>Service d\u2019installation et de maintenance de syst\u00e8mes de contr\u00f4le d\u2019acc\u00e8s, de d\u00e9tection d\u2019intrusion et de vid\u00e9osurveillance.<\/p>\n\n\n\n<ul class=\"wp-block-list\">\n<li>Vid\u00e9osurveillance<\/li>\n\n\n\n<li>D\u00e9tection Humaine<\/li>\n\n\n\n<li>Contr\u00f4le d&rsquo;acc\u00e8s<\/li>\n<\/ul>\n\n\n\n<h3 class=\"wp-block-heading has-text-align-center\">Activit\u00e9 Certifi\u00e9e<\/h3>\n\n\n\n<p>Notre activit\u00e9 de s\u00fbret\u00e9 est triplement certifi\u00e9e NF Service &amp; APSAD sur ses champs d\u2019applications<\/p>\n<\/div><figure class=\"wp-block-media-text__media\"><img loading=\"lazy\" decoding=\"async\" width=\"640\" height=\"721\" src=\"https:\/\/www.istal-energies.fr\/wp-content\/uploads\/2026\/04\/certification.jpg\" alt=\"\" class=\"wp-image-44 size-full\" style=\"object-position:50% 50%\" srcset=\"https:\/\/www.istal-energies.fr\/wp-content\/uploads\/2026\/04\/certification.jpg 640w, https:\/\/www.istal-energies.fr\/wp-content\/uploads\/2026\/04\/certification-266x300.jpg 266w\" sizes=\"auto, (max-width: 640px) 100vw, 640px\" \/><\/figure><\/div>\n<\/div>\n\n\n\n<div class=\"wp-block-group alignfull has-ast-global-color-5-background-color has-background is-layout-constrained wp-container-core-group-is-layout-c1cae9a6 wp-block-group-is-layout-constrained\" id=\"about\" style=\"padding-top:13px;padding-bottom:144px\">\n<div class=\"wp-block-media-text is-stacked-on-mobile is-image-fill-element\" style=\"margin-top:0;margin-bottom:0;padding-top:0;padding-bottom:0;grid-template-columns:41% auto\"><figure class=\"wp-block-media-text__media\"><img loading=\"lazy\" decoding=\"async\" width=\"640\" height=\"720\" src=\"https:\/\/www.istal-energies.fr\/wp-content\/uploads\/2026\/04\/regulation.jpg\" alt=\"\" class=\"wp-image-46 size-full\" style=\"object-position:50% 50%\" srcset=\"https:\/\/www.istal-energies.fr\/wp-content\/uploads\/2026\/04\/regulation.jpg 640w, https:\/\/www.istal-energies.fr\/wp-content\/uploads\/2026\/04\/regulation-267x300.jpg 267w\" sizes=\"auto, (max-width: 640px) 100vw, 640px\" \/><\/figure><div class=\"wp-block-media-text__content\">\n<h2 class=\"wp-block-heading has-text-align-center has-white-color has-ast-global-color-0-background-color has-text-color has-background has-link-color wp-elements-6f6f976a76df4a0667b6746f4d09baed\">R\u00e9gulation &amp; automatisme<\/h2>\n\n\n\n<p>Les b\u00e2timents sont expos\u00e9s \u00e0 des conditions climatiques changeantes et parfois extr\u00eames. ISTAL ENERGIES fournit des&nbsp;<strong>solutions enti\u00e8rement int\u00e9gr\u00e9es de syst\u00e8me de chauffage<\/strong>,&nbsp;<strong>de ventilation et de climatisation<\/strong>&nbsp;ainsi que des syst\u00e8mes automatis\u00e9s programmables et des solutions logicielles de supervision qui optimisent les processus industriels et r\u00e9pondent aux exigences complexes des nombreux types de b\u00e2timents modernes.<\/p>\n\n\n\n<p>Expert dans le domaine des&nbsp;<strong>solutions de gestion de l\u2019\u00e9nergie<\/strong>, nous proposons des technologies et des services uniques de&nbsp;<strong>gestion des b\u00e2timents<\/strong>. Gr\u00e2ce \u00e0 notre engagement pour l\u2019innovation, la qualit\u00e9, la satisfaction du client et la durabilit\u00e9, nous concevons des&nbsp;<strong>solutions innovantes pour des b\u00e2timents plus \u00e9co-performants<\/strong>.<\/p>\n\n\n\n<ul class=\"wp-block-list\">\n<li>\u00c9co-Performant<\/li>\n\n\n\n<li>Durable<\/li>\n\n\n\n<li>Gestion \u00c9nergie<\/li>\n<\/ul>\n\n\n\n<h3 class=\"wp-block-heading has-text-align-center\">Supervision<\/h3>\n\n\n\n<p>Syst\u00e8me informatique install\u00e9 dans des grands b\u00e2timents afin de superviser l\u2019ensemble des \u00e9quipements qui y sont install\u00e9s.<\/p>\n<\/div><\/div>\n<\/div>\n\n\n\n<h2 class=\"wp-block-heading has-text-align-center has-white-color has-ast-global-color-0-background-color has-text-color has-background has-link-color wp-elements-70e1ca0eb2e032b6b3d10cb0af467327\" id=\"partner\">Nos partenaires<\/h2>\n\n\n\n<p class=\"has-text-align-center\">Nos partenaires nous accompagnent sur les p\u00f4les Suret\u00e9 et R\u00e9gulation de b\u00e2timents<\/p>\n\n\n\n<figure class=\"wp-block-image aligncenter size-large\"><img loading=\"lazy\" decoding=\"async\" width=\"1024\" height=\"143\" src=\"https:\/\/www.istal-energies.fr\/wp-content\/uploads\/2026\/04\/parteniares-1024x143.jpg\" alt=\"\" class=\"wp-image-47\" srcset=\"https:\/\/www.istal-energies.fr\/wp-content\/uploads\/2026\/04\/parteniares-1024x143.jpg 1024w, https:\/\/www.istal-energies.fr\/wp-content\/uploads\/2026\/04\/parteniares-300x42.jpg 300w, https:\/\/www.istal-energies.fr\/wp-content\/uploads\/2026\/04\/parteniares-768x108.jpg 768w, https:\/\/www.istal-energies.fr\/wp-content\/uploads\/2026\/04\/parteniares.jpg 1178w\" sizes=\"auto, (max-width: 1024px) 100vw, 1024px\" \/><\/figure>\n\n\n\n<h2 class=\"wp-block-heading has-text-align-center has-white-color has-ast-global-color-0-background-color has-text-color has-background\" id=\"contact\">Contactez-nous !<\/h2>\n\n\n\n<div class=\"wp-block-columns are-vertically-aligned-top is-layout-flex wp-container-core-columns-is-layout-e447844f wp-block-columns-is-layout-flex\" style=\"padding-top:var(--wp--preset--spacing--40);padding-bottom:var(--wp--preset--spacing--40)\">\n<div class=\"wp-block-column is-vertically-aligned-top is-layout-flow wp-container-core-column-is-layout-6b73ce23 wp-block-column-is-layout-flow\" style=\"border-style:none;border-width:0px\">\n<h3 class=\"wp-block-heading has-text-align-center\" style=\"margin-top:16px\">Si\u00e8ge<\/h3>\n\n\n\n<p class=\"has-text-align-center\">215 avenue Manouchian<br>13400 Aubagne<br>+33 4 84 89 10 20<br>contact@istal-energies.fr<\/p>\n\n\n\n<figure class=\"wp-block-image aligncenter size-full\"><img loading=\"lazy\" decoding=\"async\" width=\"1024\" height=\"500\" src=\"https:\/\/www.istal-energies.fr\/wp-content\/uploads\/2026\/04\/siege.jpeg\" alt=\"\" class=\"wp-image-63\" srcset=\"https:\/\/www.istal-energies.fr\/wp-content\/uploads\/2026\/04\/siege.jpeg 1024w, https:\/\/www.istal-energies.fr\/wp-content\/uploads\/2026\/04\/siege-300x146.jpeg 300w, https:\/\/www.istal-energies.fr\/wp-content\/uploads\/2026\/04\/siege-768x375.jpeg 768w\" sizes=\"auto, (max-width: 1024px) 100vw, 1024px\" \/><\/figure>\n<\/div>\n\n\n\n<div class=\"wp-block-column is-vertically-aligned-top is-layout-flow wp-container-core-column-is-layout-6b73ce23 wp-block-column-is-layout-flow\">\n<h3 class=\"wp-block-heading has-text-align-center\" style=\"margin-top:16px\">Agence Cannes<\/h3>\n\n\n\n<p class=\"has-text-align-center\">4 all\u00e9e Cormorans<br>06210 Mandelieu-la-Napoule<br>+33 4 92 19 21 82<br>contact@istal-energies.fr<\/p>\n\n\n\n<figure class=\"wp-block-image size-large\"><img loading=\"lazy\" decoding=\"async\" width=\"1024\" height=\"497\" src=\"https:\/\/www.istal-energies.fr\/wp-content\/uploads\/2026\/04\/agence-cannes-1024x497.png\" alt=\"\" class=\"wp-image-64\" srcset=\"https:\/\/www.istal-energies.fr\/wp-content\/uploads\/2026\/04\/agence-cannes-1024x497.png 1024w, https:\/\/www.istal-energies.fr\/wp-content\/uploads\/2026\/04\/agence-cannes-300x146.png 300w, https:\/\/www.istal-energies.fr\/wp-content\/uploads\/2026\/04\/agence-cannes-768x373.png 768w, https:\/\/www.istal-energies.fr\/wp-content\/uploads\/2026\/04\/agence-cannes.png 1030w\" sizes=\"auto, (max-width: 1024px) 100vw, 1024px\" \/><\/figure>\n<\/div>\n<\/div>\n","protected":false},"excerpt":{"rendered":"<p>Des solutions adapt\u00e9es La soci\u00e9t\u00e9 ISTAL Energies est en pleine expansion depuis sa cr\u00e9ation en 2012. Forte de son expertise [&hellip;]<\/p>\n","protected":false},"author":2,"featured_media":0,"parent":0,"menu_order":0,"comment_status":"closed","ping_status":"closed","template":"","meta":{"site-sidebar-layout":"no-sidebar","site-content-layout":"plain-container","ast-site-content-layout":"default","site-content-style":"default","site-sidebar-style":"default","ast-global-header-display":"","ast-banner-title-visibility":"","ast-main-header-display":"","ast-hfb-above-header-display":"","ast-hfb-below-header-display":"","ast-hfb-mobile-header-display":"","site-post-title":"disabled","ast-breadcrumbs-content":"","ast-featured-img":"","footer-sml-layout":"","ast-disable-related-posts":"","theme-transparent-header-meta":"enabled","adv-header-id-meta":"","stick-header-meta":"","header-above-stick-meta":"","header-main-stick-meta":"","header-below-stick-meta":"","astra-migrate-meta-layouts":"default","ast-page-background-enabled":"default","ast-page-background-meta":{"desktop":{"background-color":"var(--ast-global-color-5)","background-image":"","background-repeat":"repeat","background-position":"center center","background-size":"auto","background-attachment":"scroll","background-type":"","background-media":"","overlay-type":"","overlay-color":"","overlay-opacity":"","overlay-gradient":""},"tablet":{"background-color":"","background-image":"","background-repeat":"repeat","background-position":"center center","background-size":"auto","background-attachment":"scroll","background-type":"","background-media":"","overlay-type":"","overlay-color":"","overlay-opacity":"","overlay-gradient":""},"mobile":{"background-color":"","background-image":"","background-repeat":"repeat","background-position":"center center","background-size":"auto","background-attachment":"scroll","background-type":"","background-media":"","overlay-type":"","overlay-color":"","overlay-opacity":"","overlay-gradient":""}},"ast-content-background-meta":{"desktop":{"background-color":"var(--ast-global-color-4)","background-image":"","background-repeat":"repeat","background-position":"center center","background-size":"auto","background-attachment":"scroll","background-type":"","background-media":"","overlay-type":"","overlay-color":"","overlay-opacity":"","overlay-gradient":""},"tablet":{"background-color":"var(--ast-global-color-4)","background-image":"","background-repeat":"repeat","background-position":"center center","background-size":"auto","background-attachment":"scroll","background-type":"","background-media":"","overlay-type":"","overlay-color":"","overlay-opacity":"","overlay-gradient":""},"mobile":{"background-color":"var(--ast-global-color-4)","background-image":"","background-repeat":"repeat","background-position":"center center","background-size":"auto","background-attachment":"scroll","background-type":"","background-media":"","overlay-type":"","overlay-color":"","overlay-opacity":"","overlay-gradient":""}},"footnotes":""},"class_list":["post-12","page","type-page","status-publish","hentry"],"_links":{"self":[{"href":"https:\/\/www.istal-energies.fr\/index.php\/wp-json\/wp\/v2\/pages\/12","targetHints":{"allow":["GET"]}}],"collection":[{"href":"https:\/\/www.istal-energies.fr\/index.php\/wp-json\/wp\/v2\/pages"}],"about":[{"href":"https:\/\/www.istal-energies.fr\/index.php\/wp-json\/wp\/v2\/types\/page"}],"author":[{"embeddable":true,"href":"https:\/\/www.istal-energies.fr\/index.php\/wp-json\/wp\/v2\/users\/2"}],"replies":[{"embeddable":true,"href":"https:\/\/www.istal-energies.fr\/index.php\/wp-json\/wp\/v2\/comments?post=12"}],"version-history":[{"count":35,"href":"https:\/\/www.istal-energies.fr\/index.php\/wp-json\/wp\/v2\/pages\/12\/revisions"}],"predecessor-version":[{"id":80,"href":"https:\/\/www.istal-energies.fr\/index.php\/wp-json\/wp\/v2\/pages\/12\/revisions\/80"}],"wp:attachment":[{"href":"https:\/\/www.istal-energies.fr\/index.php\/wp-json\/wp\/v2\/media?parent=12"}],"curies":[{"name":"wp","href":"https:\/\/api.w.org\/{rel}","templated":true}]}}